{"id":2765,"date":"2025-12-27T16:30:26","date_gmt":"2025-12-27T16:30:26","guid":{"rendered":"https:\/\/evanature.fr\/la-clairiere\/?page_id=2765"},"modified":"2026-03-02T11:21:13","modified_gmt":"2026-03-02T11:21:13","slug":"tarif","status":"publish","type":"page","link":"https:\/\/evanature.fr\/clairiere\/tarif\/","title":{"rendered":"Tarif"},"content":{"rendered":"\t\t<div data-elementor-type=\"wp-page\" data-elementor-id=\"2765\" class=\"elementor elementor-2765\">\n\t\t\t\t<div class=\"elementor-element elementor-element-60ba853 e-flex e-con-boxed wpr-particle-no wpr-jarallax-no wpr-parallax-no wpr-sticky-section-no elementor-invisible e-con e-parent\" data-id=\"60ba853\" data-element_type=\"container\" data-e-type=\"container\" data-settings=\"{&quot;background_background&quot;:&quot;classic&quot;,&quot;animation&quot;:&quot;fadeIn&quot;}\">\n\t\t\t\t\t<div class=\"e-con-inner\">\n\t\t\t\t<div class=\"elementor-element elementor-element-d713e2c elementor-widget__width-inherit elementor-absolute elementor-widget elementor-widget-html\" data-id=\"d713e2c\" data-element_type=\"widget\" data-e-type=\"widget\" data-settings=\"{&quot;_position&quot;:&quot;absolute&quot;}\" data-widget_type=\"html.default\">\n\t\t\t\t<div class=\"elementor-widget-container\">\n\t\t\t\t\t<div class=\"box_text_video\">\n\n<h3 class=\"text_video text_video_1\"><span class=\"moving-text\" style=\"color: #ffffff;\">Tarifs<\/span><\/h3>\n\n\n<\/div>\n\n\n<style>\n.box_text_video{\n    padding-left: 0px;\n    opacity: 0.50;\n    margin-left: 53px;\n}\n    .box_text_video h3{\n  bottom: 11rem;\n  margin: 0;\n  padding: 0;\n  z-index: 2;\n  font-family: \"Marcellus\", \"Times\", sans-serif;\n  font-size: 6.125rem;\n  font-style: normal;\n  color: #ffffff40;\n  line-height: 2;\n  white-space: nowrap;\n \/* transform: translate3d(7.1222%, 0px, 0px);*\/\n\t\n}\n\n.box_text_video p{\n    font-size: 3.125rem;\n    font-family: \"Marcellus\", \"Times\", sans-serif;\n    line-height: 1;\n \/*   transform: translate3d(7.1222%, 0px, 0px);*\/\n\n}\n\n.moving-text {\n  display: inline-block;\n  position: relative;\n  \/*animation: moveLR 4s infinite cubic-bezier(0.65, 0, 0.35, 1);*\/\n}\n\n.moving-text_1 {\n  display: inline-block;\n  position: relative;\n\/*  animation: moveLR1 4s infinite cubic-bezier(0.5, 0, 0.35, 0.2);*\/\n}\n\n.moving-text_2 {\n  display: inline-block;\n  position: relative;\n  \/* animation: moveLR1 4s infinite cubic-bezier(0.05, 0, 0.35, 0);*\/\n}\n\n\n@keyframes moveLR {\n  0%   { transform: translateX(0); }\n  50%  { transform: translateX(120px); } \n  100% { transform: translateX(0); }\n}\n\n\n\n@keyframes moveLR1 {\n  0%   { transform: translateX(0); }\n  50%  { transform: translateX(100px); } \n  100% { transform: translateX(0); }\n}\n\n@media (max-width: 780px){\n    .box_text_video{\n    padding-left: 0px;\n    opacity: 0.50;\n    margin-top: 57px;\n}\n       .box_text_video h3{ \n           font-size: 2.15rem;\n       }\n       .box_text_video p{\n           font-size: 1.25rem;\n       }\n}\n<\/style>\t\t\t\t<\/div>\n\t\t\t\t<\/div>\n\t\t\t\t\t<\/div>\n\t\t\t\t<\/div>\n\t\t<div class=\"elementor-element elementor-element-b71cd55 e-flex e-con-boxed wpr-particle-no wpr-jarallax-no wpr-parallax-no wpr-sticky-section-no e-con e-parent\" data-id=\"b71cd55\" data-element_type=\"container\" data-e-type=\"container\" data-settings=\"{&quot;background_background&quot;:&quot;classic&quot;}\">\n\t\t\t\t\t<div class=\"e-con-inner\">\n\t\t\t\t<div class=\"elementor-element elementor-element-8584a59 elementor-widget elementor-widget-heading\" data-id=\"8584a59\" data-element_type=\"widget\" data-e-type=\"widget\" data-widget_type=\"heading.default\">\n\t\t\t\t<div class=\"elementor-widget-container\">\n\t\t\t\t\t<h2 class=\"elementor-heading-title elementor-size-default\"><h1 class=\"wp-block-heading has-text-align-center\" style=\"font-family: Marcellus, Times, sans-serif;font-weight: normal;margin-bottom: 40px;text-align: center;font-style: normal\">D\u00e9couvrez les  Tarifs et offres de clairiere<\/h1><\/h2>\t\t\t\t<\/div>\n\t\t\t\t<\/div>\n\t\t\t\t\t<\/div>\n\t\t\t\t<\/div>\n\t\t<div class=\"elementor-element elementor-element-70e9c06 e-flex e-con-boxed wpr-particle-no wpr-jarallax-no wpr-parallax-no wpr-sticky-section-no e-con e-parent\" data-id=\"70e9c06\" data-element_type=\"container\" data-e-type=\"container\" data-settings=\"{&quot;background_background&quot;:&quot;classic&quot;}\">\n\t\t\t\t\t<div class=\"e-con-inner\">\n\t\t\t\t<div class=\"elementor-element elementor-element-723fd61 elementor-widget elementor-widget-html\" data-id=\"723fd61\" data-element_type=\"widget\" data-e-type=\"widget\" data-widget_type=\"html.default\">\n\t\t\t\t<div class=\"elementor-widget-container\">\n\t\t\t\t\t<div style=\"\n    background-color: #b9e8a3;\n    border: 1px solid #92d15f;\n    border-radius: 5px;\n    padding: 10px 20px;\n    color: #2d5829;\n    font-family: Arial, sans-serif;\n    font-size: 14px;\n    text-align: center;\n    box-shadow: 0 1px 3px rgba(0,0,0,0.2);\n    max-width: 600px;\n    margin: 0 auto;\n\">\n  R\u00e9servation : essayez d\u2019autres dates si les filtres s\u00e9lectionn\u00e9s ne donnent aucun r\u00e9sultat.\n<\/div>\n\t\t\t\t<\/div>\n\t\t\t\t<\/div>\n\t\t\t\t\t<\/div>\n\t\t\t\t<\/div>\n\t\t<div class=\"elementor-element elementor-element-a9abe36 center-justify e-flex e-con-boxed wpr-particle-no wpr-jarallax-no wpr-parallax-no wpr-sticky-section-no e-con e-parent\" data-id=\"a9abe36\" data-element_type=\"container\" data-e-type=\"container\" data-settings=\"{&quot;background_background&quot;:&quot;classic&quot;}\">\n\t\t\t\t\t<div class=\"e-con-inner\">\n\t\t\t\t<div class=\"elementor-element elementor-element-4a14d5f elementor-widget elementor-widget-html\" data-id=\"4a14d5f\" data-element_type=\"widget\" data-e-type=\"widget\" data-widget_type=\"html.default\">\n\t\t\t\t<div class=\"elementor-widget-container\">\n\t\t\t\t\t<ctv-availability data-background-color=\"#FFFFFFFF\" data-id=\"19097\" ><\/ctv-availability>\n<script>\n    setTimeout(function(){\n        window.ctoutvert = {\n\t\tgroupId: 301, \n\t\tlang: langGlobal, \n\t\turl: 'https:\/\/reservation.secureholiday.net\/widgets\/'\n    };\n    (function (w, d, s, ctv, r, js, fjs) {\n        r=new XMLHttpRequest();r.open('GET',w[ctv].url+'js\/src.json');\n        r.responseType='json';r.json=true;r.send();\n        r.onload=function(){w[ctv].src=r.responseType=='json'?r.response:JSON.parse(r.response);\n        js.src=w[ctv].src[0];fjs.parentNode.insertBefore(js, fjs);}\n        js=d.createElement(s),fjs=d.getElementsByTagName(s)[0];\n        js.id='ctvwidget';js.async=1;\n    }(window, document, 'script', 'ctoutvert'))\n    },1000)\n    ;\n<\/script>\t\t\t\t<\/div>\n\t\t\t\t<\/div>\n\t\t\t\t\t<\/div>\n\t\t\t\t<\/div>\n\t\t\t\t<\/div>\n\t\t","protected":false},"excerpt":{"rendered":"<p>Tarifs D\u00e9couvrez les Tarifs et offres de clairiere R\u00e9servation : essayez d\u2019autres dates si les filtres s\u00e9lectionn\u00e9s ne donnent aucun r\u00e9sultat.<\/p>\n","protected":false},"author":1,"featured_media":0,"parent":0,"menu_order":0,"comment_status":"closed","ping_status":"closed","template":"","meta":{"_acf_changed":false,"_uag_custom_page_level_css":"","site-sidebar-layout":"no-sidebar","site-content-layout":"page-builder","ast-site-content-layout":"default","site-content-style":"default","site-sidebar-style":"default","ast-global-header-display":"","ast-banner-title-visibility":"","ast-main-header-display":"","ast-hfb-above-header-display":"","ast-hfb-below-header-display":"","ast-hfb-mobile-header-display":"","site-post-title":"disabled","ast-breadcrumbs-content":"","ast-featured-img":"disabled","footer-sml-layout":"","ast-disable-related-posts":"","theme-transparent-header-meta":"enabled","adv-header-id-meta":"","stick-header-meta":"","header-above-stick-meta":"","header-main-stick-meta":"","header-below-stick-meta":"","astra-migrate-meta-layouts":"set","ast-page-background-enabled":"default","ast-page-background-meta":{"desktop":{"background-color":"","background-image":"","background-repeat":"repeat","background-position":"center center","background-size":"auto","background-attachment":"scroll","background-type":"","background-media":"","overlay-type":"","overlay-color":"","overlay-opacity":"","overlay-gradient":""},"tablet":{"background-color":"","background-image":"","background-repeat":"repeat","background-position":"center center","background-size":"auto","background-attachment":"scroll","background-type":"","background-media":"","overlay-type":"","overlay-color":"","overlay-opacity":"","overlay-gradient":""},"mobile":{"background-color":"","background-image":"","background-repeat":"repeat","background-position":"center center","background-size":"auto","background-attachment":"scroll","background-type":"","background-media":"","overlay-type":"","overlay-color":"","overlay-opacity":"","overlay-gradient":""}},"ast-content-background-meta":{"desktop":{"background-color":"var(--ast-global-color-5)","background-image":"","background-repeat":"repeat","background-position":"center center","background-size":"auto","background-attachment":"scroll","background-type":"","background-media":"","overlay-type":"","overlay-color":"","overlay-opacity":"","overlay-gradient":""},"tablet":{"background-color":"var(--ast-global-color-5)","background-image":"","background-repeat":"repeat","background-position":"center center","background-size":"auto","background-attachment":"scroll","background-type":"","background-media":"","overlay-type":"","overlay-color":"","overlay-opacity":"","overlay-gradient":""},"mobile":{"background-color":"var(--ast-global-color-5)","background-image":"","background-repeat":"repeat","background-position":"center center","background-size":"auto","background-attachment":"scroll","background-type":"","background-media":"","overlay-type":"","overlay-color":"","overlay-opacity":"","overlay-gradient":""}},"_links_to":"","_links_to_type":0,"footnotes":""},"class_list":["post-2765","page","type-page","status-publish","hentry"],"acf":[],"uagb_featured_image_src":{"full":false,"thumbnail":false,"medium":false,"medium_large":false,"large":false,"1536x1536":false,"2048x2048":false},"uagb_author_info":{"display_name":"eva252025","author_link":"https:\/\/evanature.fr\/clairiere\/author\/eva252025\/"},"uagb_comment_info":0,"uagb_excerpt":"Tarifs D\u00e9couvrez les Tarifs et offres de clairiere R\u00e9servation : essayez d\u2019autres dates si les filtres s\u00e9lectionn\u00e9s ne donnent aucun r\u00e9sultat.","_links":{"self":[{"href":"https:\/\/evanature.fr\/clairiere\/wp-json\/wp\/v2\/pages\/2765","targetHints":{"allow":["GET"]}}],"collection":[{"href":"https:\/\/evanature.fr\/clairiere\/wp-json\/wp\/v2\/pages"}],"about":[{"href":"https:\/\/evanature.fr\/clairiere\/wp-json\/wp\/v2\/types\/page"}],"author":[{"embeddable":true,"href":"https:\/\/evanature.fr\/clairiere\/wp-json\/wp\/v2\/users\/1"}],"replies":[{"embeddable":true,"href":"https:\/\/evanature.fr\/clairiere\/wp-json\/wp\/v2\/comments?post=2765"}],"version-history":[{"count":85,"href":"https:\/\/evanature.fr\/clairiere\/wp-json\/wp\/v2\/pages\/2765\/revisions"}],"predecessor-version":[{"id":4305,"href":"https:\/\/evanature.fr\/clairiere\/wp-json\/wp\/v2\/pages\/2765\/revisions\/4305"}],"wp:attachment":[{"href":"https:\/\/evanature.fr\/clairiere\/wp-json\/wp\/v2\/media?parent=2765"}],"curies":[{"name":"wp","href":"https:\/\/api.w.org\/{rel}","templated":true}]}}